{"id":468,"date":"2019-11-08T23:04:29","date_gmt":"2019-11-08T22:04:29","guid":{"rendered":"http:\/\/www.lupburger-freizeitmaler.de\/?page_id=468"},"modified":"2019-11-08T23:04:29","modified_gmt":"2019-11-08T22:04:29","slug":"malkurs-2019","status":"publish","type":"page","link":"https:\/\/lupburger-freizeitmaler.de\/?page_id=468","title":{"rendered":"Malkurs 2019"},"content":{"rendered":"<p>Unter der Leitung der Neumarkter K\u00fcnstlerin Hortense Kurth entstanden auch dieses Jahr wieder lebendige Aquarelle mit Motiven aus Lupburg und Umgebung.<\/p>\n<p><img loading=\"lazy\" decoding=\"async\" class=\"alignleft size-medium wp-image-469\" src=\"http:\/\/www.lupburger-freizeitmaler.de\/wp-content\/uploads\/2019\/11\/DSC_3239-300x200.jpg\" alt=\"Malkurs 2019\" width=\"300\" height=\"200\" srcset=\"https:\/\/lupburger-freizeitmaler.de\/wp-content\/uploads\/2019\/11\/DSC_3239-300x200.jpg 300w, https:\/\/lupburger-freizeitmaler.de\/wp-content\/uploads\/2019\/11\/DSC_3239-768x512.jpg 768w, https:\/\/lupburger-freizeitmaler.de\/wp-content\/uploads\/2019\/11\/DSC_3239-1024x683.jpg 1024w\" sizes=\"(max-width: 300px) 100vw, 300px\" \/><\/p>\n<p>Wir freuen uns jedes Jahr auf dieses Ereignis, das uns und unsere G\u00e4ste nicht nur k\u00fcnstlerisch viel gibt, sondern auch ein wundersch\u00f6nes Zusammenkommen mit Gleichgesinnten, viele gute Gespr\u00e4che und einen angenehmen Austausch erm\u00f6glicht.<\/p>\n","protected":false},"excerpt":{"rendered":"<p>Unter der Leitung der Neumarkter K\u00fcnstlerin Hortense Kurth entstanden auch dieses Jahr wieder lebendige Aquarelle mit Motiven aus Lupburg und Umgebung. Wir freuen uns jedes Jahr auf dieses Ereignis, das uns und unsere G\u00e4ste nicht nur k\u00fcnstlerisch viel gibt, sondern auch ein wundersch\u00f6nes Zusammenkommen mit Gleichgesinnten, viele gute Gespr\u00e4che und einen angenehmen Austausch erm\u00f6glicht.<\/p>\n","protected":false},"author":1,"featured_media":0,"parent":0,"menu_order":0,"comment_status":"closed","ping_status":"closed","template":"","meta":{"footnotes":""},"class_list":["post-468","page","type-page","status-publish","hentry"],"_links":{"self":[{"href":"https:\/\/lupburger-freizeitmaler.de\/index.php?rest_route=\/wp\/v2\/pages\/468"}],"collection":[{"href":"https:\/\/lupburger-freizeitmaler.de\/index.php?rest_route=\/wp\/v2\/pages"}],"about":[{"href":"https:\/\/lupburger-freizeitmaler.de\/index.php?rest_route=\/wp\/v2\/types\/page"}],"author":[{"embeddable":true,"href":"https:\/\/lupburger-freizeitmaler.de\/index.php?rest_route=\/wp\/v2\/users\/1"}],"replies":[{"embeddable":true,"href":"https:\/\/lupburger-freizeitmaler.de\/index.php?rest_route=%2Fwp%2Fv2%2Fcomments&post=468"}],"version-history":[{"count":1,"href":"https:\/\/lupburger-freizeitmaler.de\/index.php?rest_route=\/wp\/v2\/pages\/468\/revisions"}],"predecessor-version":[{"id":470,"href":"https:\/\/lupburger-freizeitmaler.de\/index.php?rest_route=\/wp\/v2\/pages\/468\/revisions\/470"}],"wp:attachment":[{"href":"https:\/\/lupburger-freizeitmaler.de\/index.php?rest_route=%2Fwp%2Fv2%2Fmedia&parent=468"}],"curies":[{"name":"wp","href":"https:\/\/api.w.org\/{rel}","templated":true}]}}