{"id":15,"date":"2013-01-24T11:48:08","date_gmt":"2013-01-24T10:48:08","guid":{"rendered":"http:\/\/www.lupburger-freizeitmaler.de\/?page_id=15"},"modified":"2014-01-30T15:48:20","modified_gmt":"2014-01-30T14:48:20","slug":"max-plank-jahrgang-1954","status":"publish","type":"page","link":"https:\/\/lupburger-freizeitmaler.de\/?page_id=15","title":{"rendered":"Max Plank, Jahrgang 1954"},"content":{"rendered":"<p><img loading=\"lazy\" decoding=\"async\" class=\"size-full wp-image-16 alignleft\" style=\"margin: 4px;\" alt=\"Max Plank\" src=\"http:\/\/www.lupburger-freizeitmaler.de\/wp-content\/uploads\/2013\/01\/max.jpg\" width=\"221\" height=\"288\" \/>Vor etwa zwanzig Jahren habe ich mit dem Malen und Zeichnen begonnen.<\/p>\n<p>Durch die Teilnahme an zahlreichen Malkursen bei verschiedenen Malern konnte ich mir mehrere Maltechniken aneignen und diese auch verfeinern.<\/p>\n<p>Meinen Malstil w\u00fcrde ich als realistisch bezeichnen. Neben \u00d6l, Pastellkreide, Acryl, Bleistift und Kohle ist die Aquarellmalerei meine bevorzugte Maltechnik.<\/p>\n<p>Seit der Gr\u00fcndung der &#8220;Lupburger Freizeitmaler&#8221; im Jahre 1995 finden nun auch in Lupburg regelm\u00e4\u00dfig Mal- und Zeichenkurse statt. Die bei den Kursen entstandenen Werke k\u00f6nnen bei der allj\u00e4hrlichen Bilderausstellung der Lupburger Freizeitmaler in der Lupburger Burg pr\u00e4sentiert werden.<\/p>\n<p>Ob Stilleben, Portrait, Akt oder Landschaftsmalerei, es ist f\u00fcr mich immer wieder eine neue Herausforderung, die mir sehr viel Freude bereitet.<\/p>\n<p>Max Plank<\/p>\n<p>Sch\u00fctzenweg 1a<\/p>\n<p>92331 Lupburg<\/p>\n<p>Tel. 09492 5805<\/p>\n<p><a href=\"http:\/\/www.lupburger-freizeitmaler.de\/wp-content\/uploads\/2013\/05\/ImAltenheim.jpg\"><img loading=\"lazy\" decoding=\"async\" class=\"alignnone  wp-image-173\" style=\"margin: 4px;\" alt=\"Im Altenheim\" src=\"http:\/\/www.lupburger-freizeitmaler.de\/wp-content\/uploads\/2013\/05\/ImAltenheim-230x300.jpg\" width=\"176\" height=\"220\" \/><\/a><a href=\"http:\/\/www.lupburger-freizeitmaler.de\/wp-content\/uploads\/2013\/05\/Hund.jpg\"><img loading=\"lazy\" decoding=\"async\" class=\"alignnone  wp-image-172\" style=\"margin: 4px;\" alt=\"Hund\" src=\"http:\/\/www.lupburger-freizeitmaler.de\/wp-content\/uploads\/2013\/05\/Hund-222x300.jpg\" width=\"191\" height=\"220\" \/><\/a><a href=\"http:\/\/www.lupburger-freizeitmaler.de\/wp-content\/uploads\/2013\/05\/SchiffeInRovinj.jpg\"><img loading=\"lazy\" decoding=\"async\" class=\"alignnone  wp-image-185\" style=\"margin: 4px;\" alt=\"ShiffelnRovinj\" src=\"http:\/\/www.lupburger-freizeitmaler.de\/wp-content\/uploads\/2013\/05\/SchiffeInRovinj-300x229.jpg\" width=\"278\" height=\"201\" \/><\/a><a href=\"http:\/\/www.lupburger-freizeitmaler.de\/wp-content\/uploads\/2013\/05\/InDenBergen.jpg\"><img loading=\"lazy\" decoding=\"async\" class=\"alignnone  wp-image-175\" style=\"margin: 4px;\" alt=\"In den Bergen\" src=\"http:\/\/www.lupburger-freizeitmaler.de\/wp-content\/uploads\/2013\/05\/InDenBergen-300x196.jpg\" width=\"278\" height=\"200\" \/><\/a><a href=\"http:\/\/www.lupburger-freizeitmaler.de\/wp-content\/uploads\/2013\/05\/Sonnenblumen.jpg\"><img loading=\"lazy\" decoding=\"async\" class=\"alignnone  wp-image-167\" style=\"margin: 4px;\" alt=\"Sonnenblumen\" src=\"http:\/\/www.lupburger-freizeitmaler.de\/wp-content\/uploads\/2013\/05\/Sonnenblumen.jpg\" width=\"200\" height=\"225\" \/><\/a><a href=\"http:\/\/www.lupburger-freizeitmaler.de\/wp-content\/uploads\/2013\/05\/Ausstellung-Freizeitmaler-2011-053.jpg\"><img loading=\"lazy\" decoding=\"async\" class=\"alignnone  wp-image-124\" style=\"margin: 4px;\" alt=\"Musikanten\" src=\"http:\/\/www.lupburger-freizeitmaler.de\/wp-content\/uploads\/2013\/05\/Ausstellung-Freizeitmaler-2011-053.jpg\" width=\"203\" height=\"225\" \/><\/a><\/p>\n<p><a href=\"http:\/\/www.lupburger-freizeitmaler.de\/wp-content\/uploads\/2013\/05\/Ausfl.-Amberg-+-Ausstell.-2011-017.jpg\"><img loading=\"lazy\" decoding=\"async\" class=\"alignnone  wp-image-150\" style=\"margin: 4px;\" alt=\"Helmut\" src=\"http:\/\/www.lupburger-freizeitmaler.de\/wp-content\/uploads\/2013\/05\/Ausfl.-Amberg-+-Ausstell.-2011-017.jpg\" width=\"183\" height=\"234\" \/><\/a><a href=\"http:\/\/www.lupburger-freizeitmaler.de\/wp-content\/uploads\/2013\/05\/Regensburg.jpg\"><img loading=\"lazy\" decoding=\"async\" class=\"alignnone  wp-image-183\" style=\"margin: 4px;\" alt=\"Regensburg\" src=\"http:\/\/www.lupburger-freizeitmaler.de\/wp-content\/uploads\/2013\/05\/Regensburg.jpg\" width=\"189\" height=\"234\" \/><\/a><a href=\"http:\/\/www.lupburger-freizeitmaler.de\/wp-content\/uploads\/2013\/05\/Milena.jpg\"><img loading=\"lazy\" decoding=\"async\" class=\"alignnone  wp-image-182\" style=\"margin: 4px;\" alt=\"Milena\" src=\"http:\/\/www.lupburger-freizeitmaler.de\/wp-content\/uploads\/2013\/05\/Milena.jpg\" width=\"185\" height=\"237\" \/><\/a><a href=\"http:\/\/www.lupburger-freizeitmaler.de\/wp-content\/uploads\/2013\/05\/Lupburg3.jpg\"><img loading=\"lazy\" decoding=\"async\" class=\"alignnone  wp-image-179\" style=\"margin: 4px;\" alt=\"Lupburg3\" src=\"http:\/\/www.lupburger-freizeitmaler.de\/wp-content\/uploads\/2013\/05\/Lupburg3.jpg\" width=\"295\" height=\"218\" \/><\/a><a href=\"http:\/\/www.lupburger-freizeitmaler.de\/wp-content\/uploads\/2013\/05\/Lupburg2.jpg\"><img loading=\"lazy\" decoding=\"async\" class=\"alignnone  wp-image-178\" style=\"margin: 4px;\" alt=\"Lupburg2\" src=\"http:\/\/www.lupburger-freizeitmaler.de\/wp-content\/uploads\/2013\/05\/Lupburg2.jpg\" width=\"300\" height=\"221\" \/><\/a><a href=\"http:\/\/www.lupburger-freizeitmaler.de\/wp-content\/uploads\/2013\/05\/Stilleben3.jpg\"><img loading=\"lazy\" decoding=\"async\" class=\"alignnone  wp-image-169\" style=\"margin: 4px;\" alt=\"Stilleben3\" src=\"http:\/\/www.lupburger-freizeitmaler.de\/wp-content\/uploads\/2013\/05\/Stilleben3.jpg\" width=\"288\" height=\"221\" \/><\/a><a href=\"http:\/\/www.lupburger-freizeitmaler.de\/wp-content\/uploads\/2013\/05\/InDenBergen.jpg\"><img loading=\"lazy\" decoding=\"async\" class=\"alignnone  wp-image-175\" style=\"margin: 4px;\" alt=\"In den Bergen\" src=\"http:\/\/www.lupburger-freizeitmaler.de\/wp-content\/uploads\/2013\/05\/InDenBergen.jpg\" width=\"288\" height=\"221\" \/><\/a><a href=\"http:\/\/www.lupburger-freizeitmaler.de\/wp-content\/uploads\/2013\/05\/Rosen.jpg\"><img loading=\"lazy\" decoding=\"async\" class=\"alignnone  wp-image-184\" style=\"margin: 4px;\" alt=\"Rosen\" src=\"http:\/\/www.lupburger-freizeitmaler.de\/wp-content\/uploads\/2013\/05\/Rosen.jpg\" width=\"204\" height=\"262\" \/><\/a><\/p>\n","protected":false},"excerpt":{"rendered":"<p>Vor etwa zwanzig Jahren habe ich mit dem Malen und Zeichnen begonnen. Durch die Teilnahme an zahlreichen Malkursen bei verschiedenen Malern konnte ich mir mehrere Maltechniken aneignen und diese auch verfeinern. Meinen Malstil w\u00fcrde ich als realistisch bezeichnen. Neben \u00d6l, Pastellkreide, Acryl, Bleistift und Kohle ist die Aquarellmalerei meine bevorzugte Maltechnik. Seit der Gr\u00fcndung der [&hellip;]<\/p>\n","protected":false},"author":1,"featured_media":0,"parent":13,"menu_order":1,"comment_status":"closed","ping_status":"closed","template":"","meta":{"footnotes":""},"class_list":["post-15","page","type-page","status-publish","hentry"],"_links":{"self":[{"href":"https:\/\/lupburger-freizeitmaler.de\/index.php?rest_route=\/wp\/v2\/pages\/15"}],"collection":[{"href":"https:\/\/lupburger-freizeitmaler.de\/index.php?rest_route=\/wp\/v2\/pages"}],"about":[{"href":"https:\/\/lupburger-freizeitmaler.de\/index.php?rest_route=\/wp\/v2\/types\/page"}],"author":[{"embeddable":true,"href":"https:\/\/lupburger-freizeitmaler.de\/index.php?rest_route=\/wp\/v2\/users\/1"}],"replies":[{"embeddable":true,"href":"https:\/\/lupburger-freizeitmaler.de\/index.php?rest_route=%2Fwp%2Fv2%2Fcomments&post=15"}],"version-history":[{"count":12,"href":"https:\/\/lupburger-freizeitmaler.de\/index.php?rest_route=\/wp\/v2\/pages\/15\/revisions"}],"predecessor-version":[{"id":494,"href":"https:\/\/lupburger-freizeitmaler.de\/index.php?rest_route=\/wp\/v2\/pages\/15\/revisions\/494"}],"up":[{"embeddable":true,"href":"https:\/\/lupburger-freizeitmaler.de\/index.php?rest_route=\/wp\/v2\/pages\/13"}],"wp:attachment":[{"href":"https:\/\/lupburger-freizeitmaler.de\/index.php?rest_route=%2Fwp%2Fv2%2Fmedia&parent=15"}],"curies":[{"name":"wp","href":"https:\/\/api.w.org\/{rel}","templated":true}]}}

<p><img loading="lazy" decoding="async" class="size-full wp-image-16 alignleft" style="margin: 4px;" alt="Max Plank" src="http://www.lupburger-freizeitmaler.de/wp-content/uploads/2013/01/max.jpg" width="221" height="288" />Vor etwa zwanzig Jahren habe ich mit dem Malen und Zeichnen begonnen.</p>
<p>Durch die Teilnahme an zahlreichen Malkursen bei verschiedenen Malern konnte ich mir mehrere Maltechniken aneignen und diese auch verfeinern.</p>
<p>Meinen Malstil würde ich als realistisch bezeichnen. Neben Öl, Pastellkreide, Acryl, Bleistift und Kohle ist die Aquarellmalerei meine bevorzugte Maltechnik.</p>
<p>Seit der Gründung der &#8220;Lupburger Freizeitmaler&#8221; im Jahre 1995 finden nun auch in Lupburg regelmäßig Mal- und Zeichenkurse statt. Die bei den Kursen entstandenen Werke können bei der alljährlichen Bilderausstellung der Lupburger Freizeitmaler in der Lupburger Burg präsentiert werden.</p>
<p>Ob Stilleben, Portrait, Akt oder Landschaftsmalerei, es ist für mich immer wieder eine neue Herausforderung, die mir sehr viel Freude bereitet.</p>
<p>Max Plank</p>
<p>Schützenweg 1a</p>
<p>92331 Lupburg</p>
<p>Tel. 09492 5805</p>
<p><a href="http://www.lupburger-freizeitmaler.de/wp-content/uploads/2013/05/ImAltenheim.jpg"><img loading="lazy" decoding="async" class="alignnone  wp-image-173" style="margin: 4px;" alt="Im Altenheim" src="http://www.lupburger-freizeitmaler.de/wp-content/uploads/2013/05/ImAltenheim-230x300.jpg" width="176" height="220" /></a><a href="http://www.lupburger-freizeitmaler.de/wp-content/uploads/2013/05/Hund.jpg"><img loading="lazy" decoding="async" class="alignnone  wp-image-172" style="margin: 4px;" alt="Hund" src="http://www.lupburger-freizeitmaler.de/wp-content/uploads/2013/05/Hund-222x300.jpg" width="191" height="220" /></a><a href="http://www.lupburger-freizeitmaler.de/wp-content/uploads/2013/05/SchiffeInRovinj.jpg"><img loading="lazy" decoding="async" class="alignnone  wp-image-185" style="margin: 4px;" alt="ShiffelnRovinj" src="http://www.lupburger-freizeitmaler.de/wp-content/uploads/2013/05/SchiffeInRovinj-300x229.jpg" width="278" height="201" /></a><a href="http://www.lupburger-freizeitmaler.de/wp-content/uploads/2013/05/InDenBergen.jpg"><img loading="lazy" decoding="async" class="alignnone  wp-image-175" style="margin: 4px;" alt="In den Bergen" src="http://www.lupburger-freizeitmaler.de/wp-content/uploads/2013/05/InDenBergen-300x196.jpg" width="278" height="200" /></a><a href="http://www.lupburger-freizeitmaler.de/wp-content/uploads/2013/05/Sonnenblumen.jpg"><img loading="lazy" decoding="async" class="alignnone  wp-image-167" style="margin: 4px;" alt="Sonnenblumen" src="http://www.lupburger-freizeitmaler.de/wp-content/uploads/2013/05/Sonnenblumen.jpg" width="200" height="225" /></a><a href="http://www.lupburger-freizeitmaler.de/wp-content/uploads/2013/05/Ausstellung-Freizeitmaler-2011-053.jpg"><img loading="lazy" decoding="async" class="alignnone  wp-image-124" style="margin: 4px;" alt="Musikanten" src="http://www.lupburger-freizeitmaler.de/wp-content/uploads/2013/05/Ausstellung-Freizeitmaler-2011-053.jpg" width="203" height="225" /></a></p>
<p><a href="http://www.lupburger-freizeitmaler.de/wp-content/uploads/2013/05/Ausfl.-Amberg-+-Ausstell.-2011-017.jpg"><img loading="lazy" decoding="async" class="alignnone  wp-image-150" style="margin: 4px;" alt="Helmut" src="http://www.lupburger-freizeitmaler.de/wp-content/uploads/2013/05/Ausfl.-Amberg-+-Ausstell.-2011-017.jpg" width="183" height="234" /></a><a href="http://www.lupburger-freizeitmaler.de/wp-content/uploads/2013/05/Regensburg.jpg"><img loading="lazy" decoding="async" class="alignnone  wp-image-183" style="margin: 4px;" alt="Regensburg" src="http://www.lupburger-freizeitmaler.de/wp-content/uploads/2013/05/Regensburg.jpg" width="189" height="234" /></a><a href="http://www.lupburger-freizeitmaler.de/wp-content/uploads/2013/05/Milena.jpg"><img loading="lazy" decoding="async" class="alignnone  wp-image-182" style="margin: 4px;" alt="Milena" src="http://www.lupburger-freizeitmaler.de/wp-content/uploads/2013/05/Milena.jpg" width="185" height="237" /></a><a href="http://www.lupburger-freizeitmaler.de/wp-content/uploads/2013/05/Lupburg3.jpg"><img loading="lazy" decoding="async" class="alignnone  wp-image-179" style="margin: 4px;" alt="Lupburg3" src="http://www.lupburger-freizeitmaler.de/wp-content/uploads/2013/05/Lupburg3.jpg" width="295" height="218" /></a><a href="http://www.lupburger-freizeitmaler.de/wp-content/uploads/2013/05/Lupburg2.jpg"><img loading="lazy" decoding="async" class="alignnone  wp-image-178" style="margin: 4px;" alt="Lupburg2" src="http://www.lupburger-freizeitmaler.de/wp-content/uploads/2013/05/Lupburg2.jpg" width="300" height="221" /></a><a href="http://www.lupburger-freizeitmaler.de/wp-content/uploads/2013/05/Stilleben3.jpg"><img loading="lazy" decoding="async" class="alignnone  wp-image-169" style="margin: 4px;" alt="Stilleben3" src="http://www.lupburger-freizeitmaler.de/wp-content/uploads/2013/05/Stilleben3.jpg" width="288" height="221" /></a><a href="http://www.lupburger-freizeitmaler.de/wp-content/uploads/2013/05/InDenBergen.jpg"><img loading="lazy" decoding="async" class="alignnone  wp-image-175" style="margin: 4px;" alt="In den Bergen" src="http://www.lupburger-freizeitmaler.de/wp-content/uploads/2013/05/InDenBergen.jpg" width="288" height="221" /></a><a href="http://www.lupburger-freizeitmaler.de/wp-content/uploads/2013/05/Rosen.jpg"><img loading="lazy" decoding="async" class="alignnone  wp-image-184" style="margin: 4px;" alt="Rosen" src="http://www.lupburger-freizeitmaler.de/wp-content/uploads/2013/05/Rosen.jpg" width="204" height="262" /></a></p>

<p>Vor etwa zwanzig Jahren habe ich mit dem Malen und Zeichnen begonnen. Durch die Teilnahme an zahlreichen Malkursen bei verschiedenen Malern konnte ich mir mehrere Maltechniken aneignen und diese auch verfeinern. Meinen Malstil würde ich als realistisch bezeichnen. Neben Öl, Pastellkreide, Acryl, Bleistift und Kohle ist die Aquarellmalerei meine bevorzugte Maltechnik. Seit der Gründung der [&hellip;]</p>
